{"id":1095,"date":"2017-09-28T00:33:35","date_gmt":"2017-09-28T00:33:35","guid":{"rendered":"http:\/\/vap-ug.de\/?page_id=1095"},"modified":"2019-03-07T17:56:35","modified_gmt":"2019-03-07T17:56:35","slug":"impressum","status":"publish","type":"page","link":"https:\/\/vap-ug.de\/index.php\/impressum\/","title":{"rendered":"Impressum"},"content":{"rendered":"<div class=\"fusion-fullwidth fullwidth-box fusion-builder-row-1 nonhundred-percent-fullwidth non-hundred-percent-height-scrolling\" style=\"--awb-border-radius-top-left:0px;--awb-border-radius-top-right:0px;--awb-border-radius-bottom-right:0px;--awb-border-radius-bottom-left:0px;--awb-flex-wrap:wrap;\" ><div class=\"fusion-builder-row fusion-row\"><div class=\"fusion-layout-column fusion_builder_column fusion-builder-column-0 fusion_builder_column_1_1 1_1 fusion-one-full fusion-column-first fusion-column-last\" style=\"--awb-bg-size:cover;\"><div class=\"fusion-column-wrapper fusion-flex-column-wrapper-legacy\"><div class=\"fusion-text fusion-text-1\"><h1>Impressum<\/h1>\n<h2>Angaben gem\u00e4\u00df \u00a7 5 TMG:<\/h2>\n<p>VAP UG (haftungsbeschr\u00e4nkt)<br \/>\nHunsr\u00fcckstr. 12<br \/>\n66386 St. Ingbert<\/p>\n<h2>Vertreten durch die Gesch\u00e4ftsf\u00fchrer:<\/h2>\n<p>Herr Steffen Schade<br \/>\nHerr Frank Schade<\/p>\n<h2>Kontakt:<\/h2>\n<p>Telefon: +49 (0) 6894 58 07 57<br \/>\nTelefax: +49 (0) 6894 58 07 54<br \/>\nE-Mail: info@vap-ug.de<\/p>\n<h2>Registereintrag:<\/h2>\n<p>Eintragung im Handelsregister.<br \/>\nRegistergericht: Amtsgericht Saarbr\u00fccken<br \/>\nRegisternummer: HRB 19764<\/p>\n<h2>Verantwortlich f\u00fcr den Inhalt nach \u00a7 55 Abs. 2 RStV:<\/h2>\n<p>Herr Steffen Schade<br \/>\nHerr Frank Schade<\/p>\n<p>(Anschrift wie oben)<\/p>\n<p>Vermittlerregister (<a href=\"http:\/\/www.vermittlerregister.info\" target=\"_blank\" rel=\"noopener\">www.vermittlerregister.info<\/a>):<br \/>\nRegistrierungs-Nr. D-KZU7-B01IA-15 (f\u00fcr \u00a7 34d GewO)<\/p>\n<p>Beschwerdeverfahren via Online Streitbeilegung f\u00fcr Verbraucher (OS): <a href=\"http:\/\/ec.europa.eu\/consumers\/odr\" target=\"_blank\" rel=\"noopener\">ec.europa.eu\/consumers\/odr<\/a>. Eine Teilnahme an Streitbeilegungsverfahren vor einer Verbraucherschlichtungsstelle ist mangels Verpflichtung leider nicht m\u00f6glich.<\/p>\n<h3>Berufsbezeichnung<\/h3>\n<p>Versicherungsvertreter mit Erlaubnis nach \u00a7 34d Abs. 1 Gewerbeordnung, Bundesrepublik Deutschland<\/p>\n<h3>Zust\u00e4ndige Berufskammer<\/h3>\n<p>Industrie- und Handelskammer des Saarlandes, Franz-Josef-R\u00f6der-Stra\u00dfe 9, 66119 Saarbr\u00fccken, <a href=\"http:\/\/www.saarland.ihk.de\" target=\"_blank\" rel=\"noopener\">www.saarland.ihk.de<\/a><\/p>\n<h3>Berufsrechtliche Regelungen<\/h3>\n<p>&#8211; \u00a7 34d Gewerbeordnung (GewO)<br \/>\n&#8211; \u00a7\u00a7 59 &#8211; 68 Gesetz \u00fcber den Versicherungsvertrag (VVG)<br \/>\n&#8211; Verordnung \u00fcber die Versicherungsvermittlung und &#8211; beratung (VersVermV)<\/p>\n<p>Die berufsrechtlichen Regelungen k\u00f6nnen \u00fcber die vom Bundesministerium der Justiz und von der juris GmbH betriebenen Homepage <a href=\"http:\/\/www.gesetze-im-internet.de\" target=\"_blank\" rel=\"noopener\">www.gesetze-im-internet.de<\/a> eingesehen und abgerufen werden.<\/p>\n<h3>Angaben zur Verm\u00f6gensschadenhaftpflichtversicherung<\/h3>\n<p>Verm\u00f6gensschadens-Haftpflichtversicherungen mit Deckung i. H. v. 1,3 Mio. Euro sind vorhanden bei der HDI Versicherungs AG<\/p>\n<\/div><div class=\"fusion-clearfix\"><\/div><\/div><\/div><\/div><\/div>\n","protected":false},"excerpt":{"rendered":"","protected":false},"author":1,"featured_media":0,"parent":0,"menu_order":0,"comment_status":"closed","ping_status":"closed","template":"","meta":{"footnotes":""},"_links":{"self":[{"href":"https:\/\/vap-ug.de\/index.php\/wp-json\/wp\/v2\/pages\/1095"}],"collection":[{"href":"https:\/\/vap-ug.de\/index.php\/wp-json\/wp\/v2\/pages"}],"about":[{"href":"https:\/\/vap-ug.de\/index.php\/wp-json\/wp\/v2\/types\/page"}],"author":[{"embeddable":true,"href":"https:\/\/vap-ug.de\/index.php\/wp-json\/wp\/v2\/users\/1"}],"replies":[{"embeddable":true,"href":"https:\/\/vap-ug.de\/index.php\/wp-json\/wp\/v2\/comments?post=1095"}],"version-history":[{"count":7,"href":"https:\/\/vap-ug.de\/index.php\/wp-json\/wp\/v2\/pages\/1095\/revisions"}],"predecessor-version":[{"id":1280,"href":"https:\/\/vap-ug.de\/index.php\/wp-json\/wp\/v2\/pages\/1095\/revisions\/1280"}],"wp:attachment":[{"href":"https:\/\/vap-ug.de\/index.php\/wp-json\/wp\/v2\/media?parent=1095"}],"curies":[{"name":"wp","href":"https:\/\/api.w.org\/{rel}","templated":true}]}}